{"id":73,"date":"2023-07-19T14:41:45","date_gmt":"2023-07-19T12:41:45","guid":{"rendered":"https:\/\/callassroles.be\/?page_id=73"},"modified":"2023-08-31T16:11:54","modified_gmt":"2023-08-31T14:11:54","slug":"espace-pro","status":"publish","type":"page","link":"https:\/\/callassroles.be\/?page_id=73","title":{"rendered":"Espace Pro"},"content":{"rendered":"<h1>Espace pro<\/h1>\n<div>Conditions techniques<\/div>\n<div>Conditions minimales<\/div>\n<div>\n<ul>\n<li>Un lieu occult\u00e9 avec une bonne acoustique.<\/li>\n<li>Un plateau \u00e9clair\u00e9.<\/li>\n<li>Sonorisation pour les salles de plus de 150 personnes et pour l\u2019ext\u00e9rieur.<\/li>\n<li>Ouverture : 6 m minimum.<\/li>\n<li>Profondeur : 5 m minimum.<\/li>\n<\/ul>\n<\/div>\n<p><img decoding=\"async\" src=\"\/wp-content\/uploads\/2023\/07\/technique2.jpg\" alt=\"\"><\/p>\n<h2>Conditions optimales<\/h2>\n<div>\n<p>UN PLATEAU : Ouverture : 5m. minimum; profondeur : 4 m. minimum.<\/p>\n<\/div>\n<div>\n<p>UNE SONORISATION :<\/p>\n<\/div>\n<ul>\n<li>\n<div>\n<p>Un ampli &#8211; diffuseur.<\/p>\n<\/div>\n<\/li>\n<li>\n<div>\n<p>Son en fa\u00e7ade.<\/p>\n<\/div>\n<\/li>\n<li>\n<div>\n<p>Un ampli pour retour sc\u00e8ne.<\/p>\n<\/div>\n<\/li>\n<li>\n<div>\n<p>Une table de mixage son : 12 entr\u00e9es avec r\u00e9verb\u00e9ration \u00e9qualiseurs param\u00e9triques r\u00e9glable sur chaque entr\u00e9e et alimentation fant\u00f4me.<\/p>\n<\/div>\n<\/li>\n<li>\n<div>\n<p>Six micros AK 6 451 ou SHURE SM 21.<\/p>\n<\/div>\n<\/li>\n<li>\n<div>\n<p>Six pieds de micro type girafe, dont un avec allonge de hauteur et coupleur.<\/p>\n<\/div>\n<\/li>\n<li>\n<div>\n<p>Tous c\u00e2bles n\u00e9cessaires \u00e0 la mise en \u0153uvre du mat\u00e9riel. &#8211; Un technicien-son.<\/p>\n<\/div>\n<\/li>\n<\/ul>\n<div>\n<p>UN \u00c9CLAIRAGE: Constant stable ou jeu d\u2019orgue si possible, avec technicien. Les techniciens assureront le r\u00e9glage, le montage et la prestation.<\/p>\n<\/div>\n<hr>\n<ul>\n<li>\n        <a href=\"tel:0475748681\">Contactez-nous<\/a>\n    <\/li>\n<li>\n        <a href=\"mailto:info@callassroles.be\">info@callassroles.be<\/a>\n    <\/li>\n<li>\n        <a href=\"#\">Fabienne BROCA<\/a>\n    <\/li>\n<\/ul>\n<p><img decoding=\"async\" src=\"\/wp-content\/uploads\/2023\/07\/IMG-20220828-WA0010Bis2.jpg\" alt=\"\"><br \/>\n<img decoding=\"async\" src=\"\/wp-content\/uploads\/2023\/08\/IMG_4691-2.jpg\" alt=\"\"><\/p>\n<p><!--more--><br \/>\n<!-- {\"type\":\"layout\",\"children\":[{\"name\":\"Top\",\"type\":\"section\",\"props\":{\"image\":\"wp-content\\\/uploads\\\/2023\\\/07\\\/technique.jpg\",\"image_loading\":true,\"image_position\":\"center-center\",\"image_size\":\"cover\",\"image_width\":\"2560\",\"padding\":\"xlarge\",\"style\":\"default\",\"text_color\":\"light\",\"title_breakpoint\":\"xl\",\"title_position\":\"top-left\",\"title_rotation\":\"left\",\"vertical_align\":\"middle\",\"width\":\"large\"},\"children\":[{\"type\":\"row\",\"children\":[{\"type\":\"column\",\"props\":{\"image_position\":\"center-center\",\"position_sticky_breakpoint\":\"m\",\"width_medium\":\"1-1\"},\"children\":[{\"type\":\"headline\",\"props\":{\"content\":\"Espace pro\",\"text_align\":\"center\",\"title_element\":\"h1\",\"title_style\":\"h6\"}},{\"type\":\"headline\",\"props\":{\"content\":\"Conditions techniques\",\"margin_remove_top\":true,\"text_align\":\"center\",\"title_element\":\"div\",\"title_style\":\"heading-large\"}}]}]}]},{\"name\":\"Minimum\",\"type\":\"section\",\"props\":{\"image_position\":\"center-center\",\"padding\":\"large\",\"style\":\"secondary\",\"title\":\"Authentic Tradition\",\"title_breakpoint\":\"xl\",\"title_position\":\"center-right\",\"title_rotation\":\"left\",\"vertical_align\":\"middle\",\"width\":\"large\"},\"children\":[{\"type\":\"row\",\"props\":{\"column_gap\":\"large\",\"layout\":\"1-2,1-2\",\"row_gap\":\"large\",\"vertical_align\":true},\"children\":[{\"type\":\"column\",\"props\":{\"image_position\":\"center-center\",\"position_sticky_breakpoint\":\"m\",\"vertical_align\":\"middle\",\"width_small\":\"1-2\"},\"children\":[{\"type\":\"headline\",\"props\":{\"content\":\"Conditions minimales\",\"text_align\":\"center\",\"title_element\":\"div\",\"title_style\":\"h2\"}},{\"type\":\"text\",\"props\":{\"column_breakpoint\":\"m\",\"content\":\"\n\n<ul>\\n\n\n<li>Un lieu occult\\u00e9 avec une bonne acoustique.<\\\/li>\\n\n\n<li>Un plateau \\u00e9clair\\u00e9.<\\\/li>\\n\n\n<li>Sonorisation pour les salles de plus de 150 personnes et pour l\\u2019ext\\u00e9rieur.<\\\/li>\\n\n\n<li>Ouverture : 6 m minimum.<\\\/li>\\n\n\n<li>Profondeur : 5 m minimum.<\\\/li>\\n<\\\/ul>\",\"margin\":\"default\",\"text_align\":\"left\",\"text_style\":\"large\"}}]},{\"type\":\"column\",\"props\":{\"image_position\":\"center-center\",\"position_sticky_breakpoint\":\"m\",\"vertical_align\":\"middle\",\"width_small\":\"1-2\"},\"children\":[{\"type\":\"image\",\"props\":{\"image\":\"wp-content\\\/uploads\\\/2023\\\/07\\\/technique2.jpg\",\"image_loading\":true,\"image_svg_color\":\"emphasis\",\"image_width\":\"650\",\"margin\":\"default\"}}]}]}]},{\"name\":\"Optimales\",\"type\":\"section\",\"props\":{\"image_position\":\"center-center\",\"padding\":\"large\",\"padding_remove_bottom\":false,\"style\":\"primary\",\"title_breakpoint\":\"xl\",\"title_position\":\"top-left\",\"title_rotation\":\"left\",\"vertical_align\":\"middle\",\"width\":\"large\"},\"children\":[{\"type\":\"row\",\"props\":{\"column_gap\":\"large\",\"layout\":\"expand,large\",\"row_gap\":\"large\",\"vertical_align\":true},\"children\":[{\"type\":\"column\",\"props\":{\"image_position\":\"center-center\",\"position_sticky_breakpoint\":\"m\",\"vertical_align\":\"middle\",\"width_medium\":\"expand\"},\"children\":[{\"type\":\"headline\",\"props\":{\"content\":\"Conditions optimales\",\"title_element\":\"h2\"}},{\"type\":\"text\",\"props\":{\"column_breakpoint\":\"m\",\"content\":\"\n\n<p>UN PLATEAU : Ouverture : 5m. minimum; profondeur : 4 m. minimum.<\\\/p>\",\"margin\":\"default\",\"maxwidth\":\"xlarge\"}},{\"type\":\"text\",\"props\":{\"column_breakpoint\":\"m\",\"content\":\"\n\n<p>UNE SONORISATION :<\\\/p>\",\"margin\":\"default\",\"maxwidth\":\"xlarge\"}},{\"type\":\"list\",\"props\":{\"column_breakpoint\":\"m\",\"image_align\":\"left\",\"image_svg_color\":\"emphasis\",\"image_vertical_align\":true,\"list_element\":\"ul\",\"list_horizontal_separator\":\", \",\"list_type\":\"vertical\",\"margin\":\"medium\",\"show_image\":true,\"show_link\":true},\"children\":[{\"type\":\"list_item\",\"props\":{\"content\":\"\n\n<p>Un ampli - diffuseur.<\\\/p>\",\"icon\":\"check\"}},{\"type\":\"list_item\",\"props\":{\"content\":\"\n\n<p>Son en fa\\u00e7ade.<\\\/p>\",\"icon\":\"check\"}},{\"type\":\"list_item\",\"props\":{\"content\":\"\n\n<p>Un ampli pour retour sc\\u00e8ne.<\\\/p>\",\"icon\":\"check\"}},{\"type\":\"list_item\",\"props\":{\"content\":\"\n\n<p>Une table de mixage son : 12 entr\\u00e9es avec r\\u00e9verb\\u00e9ration \\u00e9qualiseurs param\\u00e9triques r\\u00e9glable sur chaque entr\\u00e9e et alimentation fant\\u00f4me.<\\\/p>\",\"icon\":\"check\"}},{\"type\":\"list_item\",\"props\":{\"content\":\"\n\n<p>Six micros AK 6 451 ou SHURE SM 21.<\\\/p>\",\"icon\":\"check\"}},{\"type\":\"list_item\",\"props\":{\"content\":\"\n\n<p>Six pieds de micro type girafe, dont un avec allonge de hauteur et coupleur.<\\\/p>\",\"icon\":\"check\"}},{\"type\":\"list_item\",\"props\":{\"content\":\"\n\n<p>Tous c\\u00e2bles n\\u00e9cessaires \\u00e0 la mise en \\u0153uvre du mat\\u00e9riel. - Un technicien-son.<\\\/p>\",\"icon\":\"check\"}}]},{\"type\":\"text\",\"props\":{\"column_breakpoint\":\"m\",\"content\":\"\n\n<p>UN \\u00c9CLAIRAGE: Constant stable ou jeu d\\u2019orgue si possible, avec technicien. Les techniciens assureront le r\\u00e9glage, le montage et la prestation.<\\\/p>\",\"margin\":\"default\",\"maxwidth\":\"xlarge\"}},{\"type\":\"divider\",\"props\":{\"divider_element\":\"hr\"}},{\"type\":\"button\",\"props\":{\"grid_column_gap\":\"small\",\"grid_row_gap\":\"small\",\"margin\":\"default\"},\"children\":[{\"type\":\"button_item\",\"props\":{\"button_style\":\"secondary\",\"content\":\"Contactez-nous\",\"icon_align\":\"left\",\"link\":\"tel:0475748681\"}},{\"type\":\"button_item\",\"props\":{\"button_style\":\"secondary\",\"content\":\"info@callassroles.be\",\"icon_align\":\"left\",\"link\":\"mailto:info@callassroles.be\"}},{\"type\":\"button_item\",\"props\":{\"button_style\":\"text\",\"content\":\"Fabienne BROCA\",\"icon_align\":\"left\",\"link\":\"#\"}}]}]},{\"type\":\"column\",\"props\":{\"image_position\":\"center-center\",\"position_sticky_breakpoint\":\"m\",\"vertical_align\":\"middle\",\"width_medium\":\"xlarge\"},\"children\":[{\"type\":\"image\",\"props\":{\"image\":\"wp-content\\\/uploads\\\/2023\\\/07\\\/IMG-20220828-WA0010Bis2.jpg\",\"image_svg_color\":\"emphasis\",\"image_width\":\"900\",\"margin\":\"default\"}},{\"type\":\"image\",\"props\":{\"image\":\"wp-content\\\/uploads\\\/2023\\\/08\\\/IMG_4691-2.jpg\",\"image_svg_color\":\"emphasis\",\"image_width\":\"900\",\"margin\":\"default\"}}]}]}]}],\"version\":\"4.0.11\"} --><\/p>\n","protected":false},"excerpt":{"rendered":"<p>Espace pro Conditions techniques Conditions minimales Un lieu occult\u00e9 avec une bonne acoustique. Un plateau \u00e9clair\u00e9. Sonorisation pour les salles de plus de 150 personnes et pour l\u2019ext\u00e9rieur. Ouverture : 6 m minimum. Profondeur : 5 m minimum. Conditions optimales UN PLATEAU : Ouverture : 5m. minimum; profondeur : 4 m. minimum. UNE SONORISATION : [&hellip;]<\/p>\n","protected":false},"author":1,"featured_media":0,"parent":0,"menu_order":0,"comment_status":"closed","ping_status":"closed","template":"","meta":{"footnotes":""},"class_list":["post-73","page","type-page","status-publish","hentry"],"_links":{"self":[{"href":"https:\/\/callassroles.be\/index.php?rest_route=\/wp\/v2\/pages\/73","targetHints":{"allow":["GET"]}}],"collection":[{"href":"https:\/\/callassroles.be\/index.php?rest_route=\/wp\/v2\/pages"}],"about":[{"href":"https:\/\/callassroles.be\/index.php?rest_route=\/wp\/v2\/types\/page"}],"author":[{"embeddable":true,"href":"https:\/\/callassroles.be\/index.php?rest_route=\/wp\/v2\/users\/1"}],"replies":[{"embeddable":true,"href":"https:\/\/callassroles.be\/index.php?rest_route=%2Fwp%2Fv2%2Fcomments&post=73"}],"version-history":[{"count":23,"href":"https:\/\/callassroles.be\/index.php?rest_route=\/wp\/v2\/pages\/73\/revisions"}],"predecessor-version":[{"id":477,"href":"https:\/\/callassroles.be\/index.php?rest_route=\/wp\/v2\/pages\/73\/revisions\/477"}],"wp:attachment":[{"href":"https:\/\/callassroles.be\/index.php?rest_route=%2Fwp%2Fv2%2Fmedia&parent=73"}],"curies":[{"name":"wp","href":"https:\/\/api.w.org\/{rel}","templated":true}]}}