{"id":23,"date":"2023-07-19T13:38:05","date_gmt":"2023-07-19T11:38:05","guid":{"rendered":"https:\/\/callassroles.be\/?page_id=23"},"modified":"2026-02-03T21:29:55","modified_gmt":"2026-02-03T20:29:55","slug":"new-agenda","status":"publish","type":"page","link":"https:\/\/callassroles.be\/?page_id=23","title":{"rendered":"New \/ Agenda"},"content":{"rendered":"<h1>Nouveau spectacle<\/h1>\n<p><img decoding=\"async\" src=\"\/wp-content\/uploads\/2023\/08\/IMG_4708-2.jpg\" alt=\"\"><\/p>\n<hr>\n<p><img decoding=\"async\" src=\"\/wp-content\/uploads\/2023\/08\/IMG_4654-2.jpg\" alt=\"\"><\/p>\n<h2>Renversons la table, allons chanter !<\/h2>\n<div>\n<h3><span style=\"font-size: medium;\">Les revoil\u00e0 !<\/span><\/h3>\n<p>Dans un r\u00e9cital o\u00f9 la mise en sc\u00e8ne, toujours renouvel\u00e9e, suscite des questions et cr\u00e9e des moments de vie \u00e0 partager: dr\u00f4les tendres, dramatiques ou combatifs, toujours interpellant.<\/p>\n<p>Des chansons sur tous les sujets qui concernent les femmes d&rsquo;ici et d&rsquo;ailleurs, pour une soci\u00e9t\u00e9 plus juste et accueillante pour tous.<\/p>\n<\/div>\n<div>\n<p><span style=\"font-size: medium;\">Avec des chansons d\u2019Anne Sylvestre, Bobby Lapointe, Tiken Jah Fakoly, HK et les Saltimbanks, Juliette Noureddine, Agn\u00e8s Bihl, Jeanne Cherhal, Eskeline, Barbara Pravi, Alice Donna et Claude Lemesle, Andr\u00e9 Bialek, Oldelaf, Serge Utg\u00e9-Royo et Vivir Quintina.<\/span><\/p>\n<\/div>\n<div>\n<h2>Prochains concerts<\/h2>\n<\/p>\n<\/div>\n<h3>Agenda<\/h3>\n<ul>\n<li>\n<h3>Voix-sur-Meuse<\/h3>\n<p>Dimanche 28 septembre, 17h30<\/p>\n<\/li>\n<li>\n<h3>\u00ab\u00a0Des sorci\u00e8res pas comme les autres\u00a0\u00bb, Centre culturel de Seraing<\/h3>\n<p>Vendredi 14 novembre, 20h<\/p>\n<\/li>\n<li>\n<h3>Centre culturel de Fl\u00e9malle<\/h3>\n<p>Samedi 7 mars 2026, 20h15<\/p>\n<\/li>\n<li>\n<h3>Namur en Choeur<\/h3>\n<p>Samedi 30 mai, 13h, place Chanoine Deschamps<\/p>\n<\/li>\n<\/ul>\n<p><!--more--><br \/>\n<!-- {\"type\":\"layout\",\"children\":[{\"name\":\"Contact\",\"type\":\"section\",\"props\":{\"animation\":\"slide-bottom\",\"css\":\"@media (max-width: 1600px) {\\n    .el-section > * { background-size: 40%!important; }\\n}\",\"image_loading\":true,\"image_position\":\"top-right\",\"image_width\":\"710\",\"media_visibility\":\"l\",\"style\":\"secondary\",\"title_breakpoint\":\"xl\",\"title_position\":\"top-left\",\"title_rotation\":\"left\",\"vertical_align\":\"\",\"width\":\"xlarge\"},\"children\":[{\"type\":\"row\",\"props\":{\"margin\":\"xlarge\"},\"children\":[{\"type\":\"column\",\"props\":{\"image_position\":\"center-center\",\"position_sticky_breakpoint\":\"m\",\"width_medium\":\"1-1\"},\"children\":[{\"type\":\"headline\",\"props\":{\"content\":\"Nouveau spectacle\",\"margin\":\"remove-vertical\",\"text_align\":\"center\",\"title_decoration\":\"line\",\"title_element\":\"h1\",\"title_style\":\"heading-small\"}}]}]},{\"type\":\"row\",\"props\":{\"column_gap\":\"large\",\"layout\":\"1-3,2-3\"},\"children\":[{\"type\":\"column\",\"props\":{\"image_position\":\"center-center\",\"position_sticky_breakpoint\":\"m\",\"width_medium\":\"1-3\"},\"children\":[{\"type\":\"image\",\"props\":{\"image\":\"wp-content\\\/uploads\\\/2023\\\/08\\\/IMG_4708-2.jpg\",\"image_loading\":true,\"image_svg_color\":\"emphasis\",\"image_width\":\"900\",\"margin\":\"default\"}},{\"type\":\"divider\",\"props\":{\"divider_element\":\"hr\"}},{\"type\":\"image\",\"props\":{\"image\":\"wp-content\\\/uploads\\\/2023\\\/08\\\/IMG_4654-2.jpg\",\"image_svg_color\":\"emphasis\",\"margin\":\"default\"}}]},{\"type\":\"column\",\"props\":{\"image_position\":\"center-center\",\"position_sticky_breakpoint\":\"m\",\"width_medium\":\"2-3\"},\"children\":[{\"type\":\"headline\",\"props\":{\"content\":\"Renversons la table, allons chanter !\",\"text_align\":\"center\",\"title_element\":\"h2\"}},{\"type\":\"text\",\"props\":{\"column_breakpoint\":\"m\",\"content\":\"\n\n<h3><span style=\\\"font-size: medium;\\\">Les revoil\\u00e0 !<\\\/span><\\\/h3>\\n\n\n<p>Dans un r\\u00e9cital o\\u00f9 la mise en sc\\u00e8ne, toujours renouvel\\u00e9e, suscite des questions et cr\\u00e9e des moments de vie \\u00e0 partager: dr\\u00f4les tendres, dramatiques ou combatifs, toujours interpellant.<br \\\/><br \\\/>Des chansons sur tous les sujets qui concernent les femmes d'ici et d'ailleurs, pour une soci\\u00e9t\\u00e9 plus juste et accueillante pour tous.<br \\\/><br \\\/><\\\/p>\",\"margin\":\"default\",\"text_style\":\"large\"}},{\"type\":\"text\",\"props\":{\"column_breakpoint\":\"m\",\"content\":\"\n\n<p><span style=\\\"font-size: medium;\\\">Avec des chansons d\\u2019Anne Sylvestre, Bobby Lapointe, Tiken Jah Fakoly, HK et les Saltimbanks, Juliette Noureddine, Agn\\u00e8s Bihl, Jeanne Cherhal, Eskeline, Barbara Pravi, Alice Donna et Claude Lemesle, Andr\\u00e9 Bialek, Oldelaf, Serge Utg\\u00e9-Royo et Vivir Quintina.<\\\/span><\\\/p>\",\"margin\":\"default\",\"text_style\":\"large\"}}]}]}]},{\"name\":\"Prochain concerts\",\"type\":\"section\",\"props\":{\"animation\":\"slide-top-medium\",\"class\":\"uk-overflow-hidden\",\"image_position\":\"center-center\",\"overlap\":false,\"padding\":\"large\",\"padding_remove_bottom\":false,\"style\":\"primary\",\"title_breakpoint\":\"xl\",\"title_position\":\"top-left\",\"title_rotation\":\"left\",\"vertical_align\":\"\",\"width\":\"\"},\"children\":[{\"type\":\"row\",\"props\":{\"column_gap\":\"large\",\"divider\":true,\"layout\":\"1-3,2-3\",\"margin\":\"xlarge\",\"margin_remove_top\":false,\"row_gap\":\"large\",\"width\":\"large\"},\"children\":[{\"type\":\"column\",\"props\":{\"image_position\":\"center-center\",\"position_sticky_breakpoint\":\"m\",\"vertical_align\":\"middle\",\"width_medium\":\"1-3\"},\"children\":[{\"type\":\"panel\",\"props\":{\"content\":\"\",\"content_column_breakpoint\":\"m\",\"icon_width\":80,\"image_align\":\"top\",\"image_grid_breakpoint\":\"m\",\"image_grid_width\":\"1-2\",\"image_svg_color\":\"emphasis\",\"link_style\":\"default\",\"link_text\":\"Read more\",\"margin\":\"default\",\"maxwidth\":\"2xlarge\",\"meta\":\" \",\"meta_align\":\"above-title\",\"meta_element\":\"div\",\"meta_style\":\"h6\",\"title\":\"Prochains concerts\",\"title_align\":\"top\",\"title_element\":\"h2\",\"title_grid_breakpoint\":\"m\",\"title_grid_width\":\"1-2\",\"title_hover_style\":\"reset\",\"title_style\":\"h1\"}}]},{\"type\":\"column\",\"props\":{\"image_position\":\"center-center\",\"position_sticky_breakpoint\":\"m\",\"vertical_align\":\"middle\",\"width_medium\":\"2-3\"},\"children\":[{\"type\":\"headline\",\"props\":{\"content\":\"Agenda\",\"title_element\":\"h3\",\"title_style\":\"h4\"}},{\"type\":\"description_list\",\"props\":{\"column_breakpoint\":\"m\",\"layout\":\"grid-2-m\",\"list_element\":\"ul\",\"meta_align\":\"below-content\",\"meta_style\":\"\",\"show_content\":true,\"show_link\":true,\"show_meta\":true,\"show_title\":true,\"title_element\":\"div\",\"title_grid_column_gap\":\"small\",\"title_grid_row_gap\":\"small\",\"title_grid_width\":\"expand\",\"title_leader\":true},\"children\":[{\"type\":\"description_list_item\",\"props\":{\"meta\":\"Dimanche 28 septembre, 17h30\",\"title\":\"Voix-sur-Meuse\"}},{\"type\":\"description_list_item\",\"props\":{\"meta\":\"Vendredi 14 novembre, 20h\",\"title\":\"\\\"Des sorci\\u00e8res pas comme les autres\\\", Centre culturel de Seraing\"}},{\"type\":\"description_list_item\",\"props\":{\"meta\":\"Samedi 7 mars 2026, 20h15\",\"title\":\"Centre culturel de Fl\\u00e9malle\"}},{\"type\":\"description_list_item\",\"props\":{\"meta\":\"Samedi 30 mai, 13h, place Chanoine Deschamps\",\"title\":\"Namur en Choeur\"}}]}]}]}]}],\"version\":\"4.5.19\"} --><\/p>\n","protected":false},"excerpt":{"rendered":"<p>Nouveau spectacle Renversons la table, allons chanter ! Les revoil\u00e0 ! Dans un r\u00e9cital o\u00f9 la mise en sc\u00e8ne, toujours renouvel\u00e9e, suscite des questions et cr\u00e9e des moments de vie \u00e0 partager: dr\u00f4les tendres, dramatiques ou combatifs, toujours interpellant. Des chansons sur tous les sujets qui concernent les femmes d&rsquo;ici et d&rsquo;ailleurs, pour une soci\u00e9t\u00e9 [&hellip;]<\/p>\n","protected":false},"author":1,"featured_media":0,"parent":0,"menu_order":0,"comment_status":"closed","ping_status":"closed","template":"","meta":{"footnotes":""},"class_list":["post-23","page","type-page","status-publish","hentry"],"_links":{"self":[{"href":"https:\/\/callassroles.be\/index.php?rest_route=\/wp\/v2\/pages\/23","targetHints":{"allow":["GET"]}}],"collection":[{"href":"https:\/\/callassroles.be\/index.php?rest_route=\/wp\/v2\/pages"}],"about":[{"href":"https:\/\/callassroles.be\/index.php?rest_route=\/wp\/v2\/types\/page"}],"author":[{"embeddable":true,"href":"https:\/\/callassroles.be\/index.php?rest_route=\/wp\/v2\/users\/1"}],"replies":[{"embeddable":true,"href":"https:\/\/callassroles.be\/index.php?rest_route=%2Fwp%2Fv2%2Fcomments&post=23"}],"version-history":[{"count":47,"href":"https:\/\/callassroles.be\/index.php?rest_route=\/wp\/v2\/pages\/23\/revisions"}],"predecessor-version":[{"id":557,"href":"https:\/\/callassroles.be\/index.php?rest_route=\/wp\/v2\/pages\/23\/revisions\/557"}],"wp:attachment":[{"href":"https:\/\/callassroles.be\/index.php?rest_route=%2Fwp%2Fv2%2Fmedia&parent=23"}],"curies":[{"name":"wp","href":"https:\/\/api.w.org\/{rel}","templated":true}]}}